what is -12 + 2002?
1220
In base 10, what is -1042 + 0?
-1042
In base 10, what is 105 + -6?
99
In base 5, what is 101440 - 2?
101433
In base 16, what is 3 + 125b?
125e
In base 15, what is -1d - 258?
-276
In base 5, what is -110 - 14?
-124
In base 2, what is 1011 + -101?
110
In base 12, what is 22 + -9?
15
In base 10, what is 65 - 9?
56
In base 4, what is 21 + 223?
310
In base 2, what is 100 - 1111010110101?
-1111010110001
In base 2, what is 11 - -110011?
110110
In base 10, what is 5 - -41?
46
In base 9, what is -54 + -144?
-208
In base 14, what is -5 - d2?
-d7
In base 7, what is 102 - 1?
101
In base 9, what is -124 + -4?
-128
In base 9, what is -184 - -3?
-181
In base 16, what is -19c + -1?
-19d
In base 16, what is 6c + -2?
6a
In base 3, what is -112000 - -111?
-111112
In base 10, what is 805 + 11?
816
In base 11, what is -30 - -3a?
a
In base 10, what is 5 + 87?
92
In base 11, what is 364 + -2a?
335
In base 16, what is 19 - -5c?
75
In base 7, what is -15 + -6?
-24
In base 14, what is -1 + 34d?
34c
In base 8, what is -4 + 1155?
1151
In base 2, what is -1001 + 100100011?
100011010
In base 7, what is 4 + 206?
213
In base 14, what is a - -50b?
517
In base 16, what is 1 + 8a?
8b
In base 13, what is 8 + 822?
82a
In base 15, what is 51 + a?
5b
In base 6, what is -2 + 121?
115
In base 4, what is -212 + -232?
-1110
In base 4, what is 201 + 11030?
11231
In base 9, what is -417 - 25?
-443
In base 14, what is -6 + -5?
-b
In base 15, what is -a1 + ab?
a
In base 7, what is -2 + -1320?
-1322
In base 4, what is 10 - -212301?
212311
In base 14, what is -11 - -96a?
959
In base 14, what is -6b + 5a?
-11
In base 12, what is -48 - 22?
-6a
In base 12, what is ab + -4?
a7
In base 3, what is -11 - -12220210?
12220122
In base 8, what is -2 + -155?
-157
In base 2, what is 100101 - 11010010?
-10101101
In base 14, what is a + -3?
7
In base 2, what is -1010 - 100?
-1110
In base 9, what is -18 + -25?
-44
In base 7, what is 415 - -10?
425
In base 7, what is 5 - 61?
-53
In base 6, what is 1203 + -130?
1033
In base 4, what is 103111 + 1?
103112
In base 13, what is 15ac + -4?
15a8
In base 15, what is 384 - 2?
382
In base 10, what is -109 + 3?
-106
In base 5, what is 1440 + -2?
1433
In base 10, what is 5 - -26?
31
In base 6, what is -4420 + -2?
-4422
In base 10, what is 1171 - 10?
1161
In base 13, what is -2 - 82?
-84
In base 15, what is -7d + 18?
-65
In base 7, what is 0 + 1343?
1343
In base 4, what is -12 + -223?
-301
In base 4, what is 330 + -221?
103
In base 14, what is -1 + -26c?
-26d
In base 2, what is 10 + -1001011001?
-1001010111
In base 5, what is 24111 + 4?
24120
In base 7, what is -3 + -262?
-265
In base 12, what is -3079 + 5?
-3074
In base 6, what is -3 + 23040?
23033
In base 5, what is 3 + 1001?
1004
In base 7, what is -221 - -46?
-142
In base 2, what is -1100011 - 1001?
-1101100
In base 2, what is -110110 + 10101?
-100001
In base 15, what is -1 + -465?
-466
In base 5, what is -112 + 32?
-30
In base 15, what is -6d + c1?
53
In base 14, what is 0 - -8d1?
8d1
In base 14, what is -5c + 2c?
-30
In base 6, what is -12 - 2030?
-2042
In base 9, what is 3 + -35?
-32
In base 10, what is -36 + -7?
-43
In base 7, what is -3562 + -3?
-3565
In base 14, what is 1 - -124?
125
In base 9, what is -72 - -31?
-41
In base 6, what is 5 + -1005?
-1000
In base 11, what is -1206 + -1?
-1207
In base 3, what is -102010 - -10?
-102000
In base 11, what is -342 + 6?
-337
In base 8, what is 23 - 0?
23
In base 7, what is -2 - 11?
-13
In base 2, what is -1000 + -101?
-1101
In base 2, what is 11 + 10110?
11001
In base 16, what is -8f + 7?
-88
In base 4, what is 1 - 2123?
-2122
In base 4, what is 201 - -23?
230
In base 8, what is 3 + 1440?
1443
In base 12, what is -2 + -115?
-117
In base 13, what is -4 - -a9?
a5
In base 15, what is 3 - -3aa?
3ad
In base 15, what is -274 + -5?
-279
In base 9, what is -17 - -367?
350
In base 9, what is 2 + 1081?
1083
In base 3, what is -111121 - -2?
-111112
In base 14, what is -d4 + -2?
-d6
In base 12, what is -10 + -3?
-13
In base 3, what is 110 + -11?
22
In base 13, what is 3 - 30b?
-308
In base 7, what is 300 - 4?
263
In base 16, what is -1 - -61?
60
In base 7, what is -2233 - 5?
-2241
In base 3, what is 1001002 - 2?
1001000
In base 6, what is -21103 + 1?
-21102
In base 10, what is -1062 + 2?
-1060
In base 8, what is 1 + 244?
245
In base 12, what is 161b + -5?
1616
In base 14, what is -7 - 1c7?
-1d0
In base 7, what is -1 - -214?
213
In base 8, what is 106 - 6?
100
In base 15, what is 97 + 7?
9e
In base 2, what is -10010110000 + 100?
-10010101100
In base 16, what is -b + -b?
-16
In base 2, what is 101 + -110110?
-110001
In base 8, what is -2134 + -3?
-2137
In base 12, what is 2 + -473?
-471
In base 12, what is 8 + -88?
-80
In base 9, what is -1 + 765?
764
In base 13, what is 3 - 590?
-58a
In base 5, what is -302 - -10?
-242
In base 2, what is 0 - 110111110?
-110111110
In base 16, what is -3f4 + 1?
-3f3
In base 15, what is -3e + -3?
-42
In base 14, what is 75 - -4?
79
In base 16, what is -dea + 5?
-de5
In base 16, what is -1 + 235?
234
In base 4, what is 2 + -12?
-10
In base 16, what is 143 - -2?
145
In base 14, what is 4 - -3b?
41
In base 15, what is -c8 - -5?
-c3
In base 8, what is -4 + -151?
-155
In base 3, what is 210011 - 1?
210010
In base 16, what is 5 - 14?
-f
In base 10, what is 5 - -3477?
3482
In base 12, what is 14a - 7?
143
In base 5, what is 2414 + -3?
2411
In base 12, what is -1576 + -2?
-1578
In base 8, what is 6270 + 3?
6273
In base 5, what is 10 + -223414?
-223404
In base 15, what is -bb - -3?
-b8
In base 5, what is 10 + 333?
343
In base 15, what is 1 + -3e4?
-3e3
In base 14, what is -8d - 3?
-92
In base 14, what is 8b - 4?
87
In base 8, what is 163 - -12?
175
In base 3, what is 102111 - -2?
102120
In base 14, what is -2 - -d?
b
In base 6, what is 1 - 230?
-225
In base 14, what is -1 - 189?
-18a
In base 12, what is 4 + -1a?
-16
In base 13, what is -b1 - -5?
-a9
In base 9, what is -12 + -105?
-117
In base 16, what is 1 + d4?
d5
In base 6, what is 1 - -115?
120
In base 10, what is 0 - -1922?
1922
In base 12, what is 0 - 245?
-245
In base 5, what is 2244131 - -1?
2244132
In base 9, what is -14 + 212?
187
In base 14, what is -d + -3bc?
-3cb
In base 16, what is 1d - -c?
29
In base 15, what is 24 + 7?
2b
In base 2, what is 1100 + 1010111000?
1011000100
In base 11, what is 518 - 5?
513
In base 9, what is 2 - -162?
164
In base 14, what is 2 + 22?
24
In base 4, what is -20313002 + -10?
-20313012
In base 13, what is 5 - -a3?
a8
In base 12, what is 3b9 + 0?
3b9
In base 14, what is -2d7 + -4?
-2db
In base 8, what is 3 + 152?
155
In base 13, what is 4 - -219?
220
In base 6, what is 4 - -540?
544
In base 5, what is -34 + -41?
-130
In base 4, what is 11 + 3?
20
In base 2, what is -101 + -11111010010?
-11111010111
In base 12, what is 3 + a?
11
In base 12, what is -150 - 0?
-150
In base 4, what is -21 - 10?
-31
In base 6, what is 3 - 102?
-55
In base 6, what is -4 - 21244?
-21252
In base 16, what is -f - -68?
59
In base 16, what is -5 - -522?
51d
In base 14, what is -90b - 0?
-90b
In base 5, what is -31 - 132?
-213
In base 3, what is 2022002 + 10?
2022012
In base 9, what is -4 + -2061?
-2065
In base 14, what is -54 - -2?
-52
In base 14, what is 263 - 4?
25d
In base 13, what is 78 - 111?
-66
In base 5, what is -33240 + 4?
-33231
In base 11, what is -261 + -25?
-286
In base 3, what is 221021 + 11?
221102
In base 11, what is 68 + 37?
a4
In base 9, what is -7 + 272?
264
In base 11, what is -85a + 21?
-839
In base 16, what is c0 - 0?
c0
In base 11, what is -5 - 149?
-153
In base 10, what is -3 - 82?
-85
In base 2, what is 111100000011110 - 11?
111100000011011
In base 6, what is -43531 + 0?
-43531
In base 9, what is -2 + -382?
-384
In base 4, what is -1101 + -30?
-1131
In base 8, what is -2170 + -6?
-2176
In base 8, what is 110 - 13?
75
In base 4, what is 101 - -112?
213
In base 9, what is 4 - 150?
-145
In base 4, what is 113120 + -11?
113103
In base 6, what is -103203 + -5?
-103212
In base 10, what is -11 - -1?
-10
In base 8, what is 1775 - 4?
1771
In base 8, what is -1415 - -12?
-1403
In base 5, what is -10 - -2?
-3
In base 7, what is 132 - 0?
132
In base 15, what is 5c - 2?
5a
In base 9, what is 5 + -16?
-11
In base 13, what is -c + -9?
-18
In base 10, what is 11 -